 and 8?
8
What is the greatest common divisor of 68 and 70244?
68
What is the highest common factor of 525 and 126?
21
What is the highest common divisor of 3320 and 320?
40
Calculate the greatest common factor of 46 and 805.
23
What is the highest common factor of 6554 and 116?
58
Calculate the greatest common divisor of 35 and 15.
5
Calculate the greatest common divisor of 180 and 320.
20
What is the highest common divisor of 1551 and 627?
33
What is the highest common factor of 536 and 37788?
268
What is the highest common divisor of 315 and 35?
35
What is the greatest common factor of 1880 and 24205?
235
What is the greatest common divisor of 1608 and 22311?
201
Calculate the greatest common factor of 18 and 12.
6
What is the highest common divisor of 2 and 64?
2
Calculate the highest common divisor of 112 and 1456.
112
Calculate the highest common factor of 309 and 103.
103
What is the highest common divisor of 49266 and 18?
18
Calculate the greatest common factor of 450 and 1095.
15
What is the greatest common factor of 105 and 30?
15
What is the highest common divisor of 152 and 40?
8
What is the highest common divisor of 38 and 950?
38
What is the greatest common factor of 46 and 207?
23
Calculate the highest common divisor of 575 and 4715.
115
What is the highest common factor of 340 and 595?
85
What is the highest common divisor of 10194 and 6?
6
What is the greatest common divisor of 19 and 5833?
19
What is the greatest common factor of 25 and 175?
25
What is the highest common divisor of 1529 and 143?
11
What is the highest common factor of 30 and 80?
10
Calculate the highest common divisor of 56 and 14.
14
What is the greatest common divisor of 396 and 108?
36
What is the highest common divisor of 48 and 60?
12
What is the highest common divisor of 539 and 931?
49
Calculate the greatest common divisor of 2 and 15.
1
Calculate the greatest common factor of 38789 and 79.
79
Calculate the greatest common divisor of 78 and 3471.
39
What is the greatest common factor of 48 and 80?
16
What is the greatest common divisor of 36 and 306?
18
What is the greatest common factor of 28 and 21?
7
Calculate the greatest common divisor of 8298 and 90.
18
What is the highest common divisor of 7744 and 24?
8
What is the greatest common divisor of 162 and 6?
6
Calculate the highest common divisor of 90 and 171.
9
Calculate the greatest common factor of 7 and 10696.
7
Calculate the greatest common divisor of 6530 and 80.
10
Calculate the highest common factor of 609 and 174.
87
What is the greatest common factor of 55 and 4895?
55
Calculate the greatest common factor of 165 and 198.
33
Calculate the highest common divisor of 6036 and 72.
12
Calculate the greatest common factor of 726 and 30.
6
What is the greatest common divisor of 416 and 182?
26
What is the greatest common factor of 15225 and 203?
203
What is the highest common divisor of 38 and 8?
2
What is the highest common divisor of 240 and 45?
15
Calculate the highest common divisor of 49 and 784.
49
Calculate the highest common factor of 3750 and 48.
6
Calculate the highest common factor of 6 and 178.
2
Calculate the highest common divisor of 148 and 25678.
74
Calculate the greatest common divisor of 144 and 448.
16
Calculate the greatest common divisor of 32 and 3232.
32
What is the greatest common divisor of 1349 and 361?
19
What is the highest common divisor of 10 and 65?
5
Calculate the greatest common factor of 115 and 253.
23
What is the highest common divisor of 8930 and 38?
38
Calculate the highest common divisor of 250 and 4925.
25
What is the highest common factor of 51 and 391?
17
What is the greatest common factor of 20 and 90?
10
What is the highest common factor of 2443 and 49?
7
What is the highest common divisor of 21 and 14?
7
What is the greatest common divisor of 2032 and 381?
127
What is the greatest common divisor of 65 and 1404?
13
Calculate the highest common factor of 7 and 25.
1
What is the highest common factor of 322 and 49?
7
What is the highest common divisor of 8 and 56?
8
Calculate the greatest common divisor of 16 and 26.
2
Calculate the greatest common divisor of 41988 and 24.
12
What is the greatest common divisor of 1 and 375?
1
What is the highest common factor of 27 and 75?
3
What is the greatest common factor of 1270 and 254?
254
Calculate the highest common factor of 15 and 258.
3
What is the greatest common divisor of 22841 and 21?
7
What is the highest common divisor of 410 and 82?
82
What is the highest common factor of 56 and 504?
56
What is the highest common divisor of 3440 and 120?
40
Calculate the greatest common factor of 6 and 102.
6
What is the greatest common factor of 7087 and 19?
19
What is the highest common factor of 3131 and 124?
31
What is the highest common factor of 14 and 343?
7
Calculate the greatest common divisor of 21142 and 22.
22
What is the greatest common factor of 272 and 128?
16
Calculate the greatest common factor of 11 and 737.
11
What is the greatest common divisor of 3 and 409?
1
What is the highest common factor of 12 and 1956?
12
What is the highest common factor of 168 and 147?
21
Calculate the highest common divisor of 40 and 72.
8
Calculate the greatest common factor of 28 and 301.
7
What is the highest common factor of 724 and 9593?
181
Calculate the highest common divisor of 11 and 66.
11
Calculate the highest common divisor of 37 and 37.
37
What is the highest common factor of 144 and 72?
72
What is the highest common divisor of 155 and 3751?
31
Calculate the greatest common divisor of 448 and 4088.
56
Calculate the greatest common factor of 5 and 59.
1
What is the greatest common divisor of 2 and 25?
1
What is the greatest common factor of 18 and 11106?
18
What is the greatest common divisor of 8989 and 356?
89
What is the greatest common factor of 311 and 16483?
311
Calculate the highest common divisor of 4 and 20.
4
Calculate the highest common divisor of 304 and 16.
16
What is the highest common factor of 48 and 108?
12
What is the highest common divisor of 2336 and 352?
32
Calculate the highest common factor of 82 and 615.
41
What is the highest common factor of 99 and 153?
9
What is the greatest common divisor of 128 and 5440?
64
What is the highest common factor of 315 and 180?
45
What is the highest common divisor of 12 and 6?
6
Calculate the highest common factor of 18 and 1098.
18
Calculate the highest common divisor of 1379 and 56.
7
Calculate the greatest common factor of 5589 and 27.
27
What is the greatest common divisor of 30 and 840?
30
Calculate the highest common factor of 756 and 1827.
63
What is the greatest common factor of 10400 and 288?
32
Calculate the highest common divisor of 39337 and 139.
139
What is the highest common factor of 60 and 140?
20
What is the greatest common divisor of 61 and 549?
61
What is the highest common factor of 2352 and 7?
7
What is the highest common divisor of 161 and 3381?
161
What is the greatest common factor of 126 and 36?
18
Calculate the highest common factor of 675 and 36.
9
Calculate the greatest common factor of 103 and 66023.
103
What is the greatest common factor of 2520 and 1500?
60
What is the highest common divisor of 27 and 153?
9
Calculate the highest common divisor of 55 and 8195.
55
What is the highest common factor of 6818 and 98?
14
What is the highest common factor of 28 and 28?
28
Calculate the greatest common factor of 40 and 500.
20
What is the highest common factor of 513 and 19?
19
Calculate the greatest common factor of 2720 and 8.
8
What is the greatest common divisor of 371 and 35?
7
Calculate the greatest common divisor of 29 and 58087.
29
What is the highest common factor of 238 and 2176?
34
What is the greatest common divisor of 194 and 873?
97
Calculate the greatest common factor of 1170 and 91.
13
What is the greatest common factor of 4128 and 129?
129
What is the highest common factor of 12600 and 216?
72
What is the greatest common factor of 104 and 2522?
26
What is the greatest common divisor of 2519 and 1832?
229
Calculate the greatest common divisor of 4368 and 240.
48
What is the greatest common factor of 112 and 476?
28
Calculate the highest common divisor of 161 and 19481.
161
What is the highest common divisor of 